 3, what is 1 - 1212?
-1211
In base 11, what is -2 - 1a46?
-1a48
In base 6, what is 1 + -344?
-343
In base 2, what is -1001 + -1010101000?
-1010110001
In base 3, what is -22 + 11100?
11001
In base 13, what is 497 - 2?
495
In base 9, what is 2 + 81?
83
In base 6, what is 0 - 24?
-24
In base 12, what is -9 + -7?
-14
In base 4, what is -1 - -1111?
1110
In base 5, what is 42 + -4?
33
In base 13, what is -a + -23?
-30
In base 16, what is -30 - 4?
-34
In base 2, what is 11010 - -11111?
111001
In base 6, what is -12205 - -3?
-12202
In base 13, what is -4 - c1?
-c5
In base 9, what is 68 + -1?
67
In base 10, what is -115 - 0?
-115
In base 4, what is 113 - -12?
131
In base 4, what is 0 - 120?
-120
In base 4, what is 10 + -3210?
-3200
In base 11, what is -2 + 2405?
2403
In base 2, what is -100001001 + 0?
-100001001
In base 10, what is -35 - 98?
-133
In base 2, what is -1010 + 100011001?
100001111
In base 8, what is -65 - -3?
-62
In base 14, what is 2 + -27?
-25
In base 14, what is -2 - 47a?
-47c
In base 10, what is -39645 - -4?
-39641
In base 13, what is 2 - 16?
-14
In base 5, what is -343 - 111?
-1004
In base 16, what is 1b + 1?
1c
In base 14, what is 1 + 1?
2
In base 14, what is -4 + -413?
-417
In base 12, what is -b7 - -48?
-6b
In base 9, what is 11 + -2342?
-2331
In base 16, what is -3 - -88e?
88b
In base 8, what is -35 - -2?
-33
In base 3, what is 121000 - 12?
120211
In base 5, what is 30 - -442?
1022
In base 5, what is -12123 + 4?
-12114
In base 7, what is -3 + 2542?
2536
In base 6, what is 3 + -230?
-223
In base 15, what is -558 - -8?
-550
In base 6, what is -13 - -513?
500
In base 3, what is -12 - -20102?
20020
In base 10, what is 203 - -10?
213
In base 13, what is 2c - 1?
2b
In base 14, what is -5 + 1d7?
1d2
In base 6, what is -1 + 114?
113
In base 15, what is -6 + 7a?
74
In base 5, what is 13 + 42?
110
In base 11, what is 6 + -28?
-22
In base 10, what is -1 - 136?
-137
In base 16, what is -1d - -1?
-1c
In base 4, what is -22012 - -23?
-21323
In base 6, what is 3 - -412?
415
In base 4, what is 200 - 202?
-2
In base 11, what is 5 - -11?
16
In base 6, what is 10215 + 4?
10223
In base 3, what is 111212 - -10?
111222
In base 8, what is 33 - -31?
64
In base 4, what is 10213 + -11?
10202
In base 11, what is -1405 + -2?
-1407
In base 4, what is 3023 + 10?
3033
In base 3, what is -2120211 + -10?
-2120221
In base 8, what is -14 - -115?
101
In base 6, what is -32 + 14?
-14
In base 11, what is 9500 + -1?
94aa
In base 14, what is 0 + -872?
-872
In base 14, what is 5 + 6?
b
In base 11, what is -866 + 8?
-859
In base 16, what is 1 + f7?
f8
In base 8, what is -115 - -26?
-67
In base 2, what is 1001 + 1100001?
1101010
In base 7, what is 645 + -3?
642
In base 7, what is -10 + -30?
-40
In base 3, what is -12 + -101102?
-101121
In base 16, what is 2 - a?
-8
In base 6, what is -11550 - 2?
-11552
In base 11, what is 26 - 3?
23
In base 14, what is 3 - -189?
18c
In base 10, what is 131 + 16?
147
In base 16, what is 5 - 34f?
-34a
In base 16, what is -1542 + 1?
-1541
In base 8, what is -22 - 17?
-41
In base 5, what is 4 - 220?
-211
In base 4, what is -223 + 21?
-202
In base 7, what is -2223 - -6?
-2214
In base 4, what is 10213 + -10?
10203
In base 15, what is -6 - 296?
-29c
In base 6, what is 3 + -543?
-540
In base 7, what is 1 + -330?
-326
In base 10, what is 3 + -41?
-38
In base 6, what is 1 - -120?
121
In base 9, what is 76 + 37?
124
In base 4, what is 1210 - -201?
2011
In base 7, what is -262 + -13?
-305
In base 15, what is -8 + 2c?
24
In base 14, what is 44 - 20?
24
In base 11, what is -2 - 24?
-26
In base 12, what is 29b - 6?
295
In base 4, what is -122 - 103?
-231
In base 11, what is 777a + 0?
777a
In base 6, what is 442 - -1?
443
In base 12, what is 135 + -16?
11b
In base 2, what is -100110 - -1?
-100101
In base 13, what is -3 - -59?
56
In base 12, what is -2 + 2925?
2923
In base 8, what is 7162 + -4?
7156
In base 16, what is -405 + 2?
-403
In base 9, what is 2 - -64?
66
In base 3, what is -221 - -10?
-211
In base 16, what is -3 + -c38?
-c3b
In base 16, what is 26 + -17?
f
In base 8, what is 12373 + 0?
12373
In base 14, what is d + 17?
26
In base 10, what is -705 + -15?
-720
In base 6, what is 110 + -125?
-15
In base 6, what is -523 + 21?
-502
In base 6, what is 121 + 5?
130
In base 14, what is 80 - -4?
84
In base 15, what is 7b4 + 0?
7b4
In base 10, what is 13 - 149?
-136
In base 3, what is 11 + -100110?
-100022
In base 4, what is 10 - 220?
-210
In base 6, what is -120540 + -2?
-120542
In base 7, what is 616 + 1?
620
In base 4, what is 1 + -2313?
-2312
In base 5, what is -104 - 233?
-342
In base 12, what is -233 + 5?
-22a
In base 2, what is -100 + -10100?
-11000
In base 6, what is -5122 + -1?
-5123
In base 4, what is -120 - 1132?
-1312
In base 16, what is -17 + -80?
-97
In base 8, what is -1740 + -7?
-1747
In base 13, what is -1390 + 1?
-138c
In base 15, what is -2b - 1?
-2c
In base 13, what is -3c2 - -1?
-3c1
In base 5, what is 1432 + -111?
1321
In base 13, what is 2 - -12a?
12c
In base 4, what is 2 + -133133?
-133131
In base 16, what is 64 - -91?
f5
In base 9, what is -1 - -61?
60
In base 11, what is 200 - -4?
204
In base 14, what is 31 + -4?
2b
In base 13, what is 131 + b?
13c
In base 16, what is -2 + -89?
-8b
In base 13, what is 120 + -4?
119
In base 12, what is -314 - -2?
-312
In base 14, what is 4 - 20?
-1a
In base 2, what is 10000 - -1100?
11100
In base 4, what is -11201 - -1011?
-10130
In base 2, what is 1001110 - -11?
1010001
In base 12, what is -20 - a?
-2a
In base 14, what is -10 - 0?
-10
In base 8, what is -5 - 21?
-26
In base 4, what is 3231 - -1?
3232
In base 12, what is 2 + 483?
485
In base 12, what is -64 - 4?
-68
In base 12, what is 2 - -54?
56
In base 8, what is -561 + 1?
-560
In base 15, what is -1 - -918?
917
In base 15, what is 1 - 5?
-4
In base 12, what is -10 + -101?
-111
In base 10, what is 56 + -9?
47
In base 8, what is 26 + -4?
22
In base 11, what is -68 + -22?
-8a
In base 13, what is 12 + 51?
63
In base 15, what is 28 - -12?
3a
In base 3, what is 10100210 + -2?
10100201
In base 9, what is -1073 - -2?
-1071
In base 10, what is 11 - 127?
-116
In base 13, what is 12 + 2?
14
In base 6, what is -2 + -11003?
-11005
In base 6, what is 2 + -315?
-313
In base 2, what is 100000 + 11001?
111001
In base 13, what is 26a + -6?
264
In base 12, what is 1 + -62?
-61
In base 13, what is 3 - 1050?
-104a
In base 10, what is 3729 + 5?
3734
In base 14, what is 12 - -37?
49
In base 11, what is 11252 + 2?
11254
In base 12, what is -3 + -4b?
-52
In base 7, what is 3 + 1010?
1013
In base 6, what is -1 - 1345?
-1350
In base 7, what is 11325 + 1?
11326
In base 3, what is 11 - 11122?
-11111
In base 14, what is 5 + -292?
-28b
In base 13, what is a + -19?
-c
In base 12, what is -3 - -54?
51
In base 11, what is -8 - -276?
269
In base 7, what is -3164 + -5?
-3202
In base 7, what is 1 + -1133?
-1132
In base 3, what is 1122 + 10?
1202
In base 15, what is -4 - 21?
-25
In base 9, what is -2171 + 0?
-2171
In base 2, what is -1011001000 + 10?
-1011000110
In base 4, what is 0 - 233?
-233
In base 9, what is -26 + 57?
31
In base 2, what is -10100011011 - -10?
-10100011001
In base 6, what is -3244 - 5?
-3253
In base 15, what is -4 + -33?
-37
In base 9, what is 5 - -17?
23
In base 16, what is 2 - -a6?
a8
In base 8, what is -2076 + 1?
-2075
In base 2, what is 111 + -110101?
-101110
In base 5, what is -143 + 322?
124
In base 15, what is -5 + 1271?
126b
In base 6, what is 15232 - -4?
15240
In base 16, what is -5 - -920?
91b
In base 7, what is 0 - 6241?
-6241
In base 13, what is 6 - 13c?
-136
In base 2, what is -1001101101011 + -1?
-1001101101100
In base 12, what is 162 + 3?
165
In base 10, what is 1 + 3932?
3933
In base 4, what is -3231 + -1?
-3232
In base 9, what is -30 + -16?
-46
In base 12, what is -5 - 610?
-615
In base 4, what is -10 + -2001?
-2011
In base 8, what is -12745 + -4?
-12751
In base 14, what is 3 + -2c6?
-2c3
In base 4, what is -2 + -1103020?
-1103022
In base 13, what is -1 + 8a?
89
In base 4, what is 1 + 330?
331
In base 2, what is -101000010110 + 11?
-101000010011
In base 8, what is -2 + 562?
560
In base 3, what is 11 - 12100?
-12012
In base 5, what is 23 + -2?
21
In base 14, what is -20 + 2d?
d
In base 12, what is -5 - -4b?
46
In base 14, what is 4 - b?
-7